c(6).
13
Let n(f) = -85*f + 4392. Give n(51).
57
Let r(f) = 341*f + 1241. What is r(-5)?
-464
Let l(i) = -2*i**3 + 81*i**2 - 187*i - 123. What is l(38)?
-9
Let h(p) = -8*p - 22. Give h(10).
-102
Let y(u) = -u**3 + 12*u**2 - 28*u + 27. Calculate y(9).
18
Let a(h) = 639*h + 21797. What is a(-34)?
71
Let w(b) = b**3 + 6*b**2 + 3*b - 6. Calculate w(-6).
-24
Let n(q) = 246*q**2 + 1972*q + 15. Give n(-8).
-17
Let b(u) = 117*u + 4328. Determine b(-37).
-1
Let h(z) = 2*z**2 + 69*z + 526. Give h(-24).
22
Let j(t) = -t**3 - 38*t**2 + 22*t + 26. Give j(-38).
-810
Let s(m) = 2*m**2 - 5*m - 22. What is s(-7)?
111
Let w(l) = l**2 - 47*l + 589. Determine w(25).
39
Let s(j) = 12*j + 219. Calculate s(-23).
-57
Let p(v) = -v - 83. Give p(9).
-92
Let p(h) = -h**3 - 14*h**2 + 6*h - 16. Give p(-14).
-100
Let d(i) = 110*i - 6212. What is d(56)?
-52
Let a(h) = -55*h - 105. What is a(-2)?
5
Let w(t) = 685*t - 65753. Determine w(96).
7
Let b(r) = 2*r**2 + 34*r + 348. Calculate b(-22).
568
Let m(s) = 2*s**2 + 11*s - 1126. Give m(21).
-13
Let z(j) = 16334*j + 212342. Give z(-13).
0
Let c(t) = 16*t**2 - t - 102. Give c(0).
-102
Let j(f) = 2*f**2 - 55*f - 801. What is j(39)?
96
Let r(s) = -2*s**3 + 36*s**2 - 35*s + 70. Give r(17).
53
Let b(a) = 12*a**2 + 11*a + 30. Give b(-3).
105
Let r(q) = 70*q + 331. Determine r(-16).
-789
Let w(x) = 3*x**3 - 41*x**2 - 7*x - 98. Calculate w(14).
0
Let y(n) = -73*n**2 - 734*n - 12. What is y(-10)?
28
Let n(h) = h - 20. Give n(-46).
-66
Let h(z) = -114*z**2 + 23*z + 2. What is h(2)?
-408
Let k(i) = 8*i - 211. Give k(29).
21
Let n(c) = -c**3 + c**2 + 8*c - 25. Determine n(5).
-85
Let l(h) = -2*h**2 - 104*h + 399. Determine l(-52).
399
Let g(s) = -39*s**2 + 24*s - 11. Calculate g(-4).
-731
Let v(q) = q**3 - 18*q**2 + 4*q - 3. Give v(18).
69
Let t(n) = -41*n - 1595. Give t(-39).
4
Let j(g) = g**3 + 10*g**2 - 21*g + 33. What is j(-12)?
-3
Let r(q) = -q**3 - 282*q**2 - 281*q - 8. Calculate r(-281).
-8
Let p(c) = 167*c + 11860. Give p(-71).
3
Let l(j) = -47*j + 326. What is l(6)?
44
Let a(x) = 17*x**2 + 22*x - 8. Calculate a(-6).
472
Let x(q) = q**3 + 194*q**2 + 619*q + 8788. What is x(-191)?
2
Let v(j) = -j**2 + 20*j + 47. Calculate v(-6).
-109
Let s(x) = -282*x + 3387. What is s(12)?
3
Let f(p) = p**3 - 33*p**2 + 90*p + 5. What is f(30)?
5
Let v(j) = -132*j + 2604. Give v(20).
-36
Let p(h) = 24*h**3 + 3*h**2 + 3*h. Determine p(-2).
-186
Let d(p) = -1211*p - 24215. Give d(-20).
5
Let k(l) = l**3 + 10*l**2 + 8*l + 45. What is k(-9)?
54
Let f(i) = -2*i**2 + 6*i + 558. What is f(-15)?
18
Let b(g) = 12*g**3 + 77*g**2 + 29*g + 5. Calculate b(-6).
11
Let q(s) = 3*s**3 + 25*s**2 + 9*s - 17. Calculate q(-8).
-25
Let c(y) = 3*y**2 + 5*y - 129. Give c(8).
103
Let j(i) = 3*i**2 - 18*i - 31. What is j(6)?
-31
Let v(h) = -h**3 - 27*h**2 - 138*h + 45. Determine v(-20).
5
Let x(m) = 96*m + 2987. Calculate x(-31).
11
Let f(o) = -o**3 + 20*o**2 + 84*o + 24. What is f(23)?
369
Let l(o) = 76*o - 2306. Calculate l(30).
-26
Let n(u) = 64*u + 15305. Determine n(-239).
9
Let i(y) = 3*y**3 + 11*y**2 + 6*y - 1. Determine i(-3).
-1
Let k(r) = -r**2 - 20*r + 134. Calculate k(-20).
134
Let g(c) = -c**2 - 138*c + 12143. Calculate g(-199).
4
Let j(d) = 879*d + 583662. Calculate j(-664).
6
Let c(d) = d**2 - 1007*d - 16383. Calculate c(-16).
-15
Let b(k) = k**3 + 112*k**2 - 94*k + 2135. Give b(-113).
-12
Let p(t) = 2*t**3 - 34*t**2 - 177*t - 19. What is p(21)?
-208
Let k(b) = -3*b**3 - 30*b**2 - 14*b - 124. Give k(-10).
16
Let t(j) = 294*j + 22673. Determine t(-77).
35
Let j(x) = -64*x + 4227. What is j(66)?
3
Let d(p) = -19*p + 222. What is d(12)?
-6
Let o(y) = -1682*y + 23552. Determine o(14).
4
Let u(t) = -t**2 + 34*t - 36. Determine u(24).
204
Let t(o) = -3025*o + 24205. Calculate t(8).
5
Let m(d) = 59*d**2 + 4128*d - 140. Calculate m(-70).
0
Let g(h) = -6*h**2 + 124*h - 283. Determine g(18).
5
Let q(d) = 2*d**2 + 8*d - 226. Determine q(9).
8
Let b(r) = -r**3 + 23*r**2 - 3*r + 72. Determine b(23).
3
Let a(o) = -o**3 + 12*o**2 - 3*o + 10. Determine a(5).
170
Let r(b) = -b**3 + 45*b**2 - 211*b - 107. Calculate r(6).
31
Let d(j) = -j**2 - 721*j + 5823. What is d(8)?
-9
Let j(r) = 16*r - 358. What is j(17)?
-86
Let l(k) = 51*k - 6134. What is l(121)?
37
Let z(k) = 12*k + 476. What is z(-36)?
44
Let g(f) = 15600*f + 31186. Give g(-2).
-14
Let a(m) = 6*m**2 - 93*m + 267. Give a(12).
15
Let v(d) = 23*d**2 + 473*d - 217. Determine v(-21).
-7
Let d(z) = z**3 - 11*z**2 - 11*z - 2. Determine d(11).
-123
Let v(x) = 2*x**3 + 12*x**2 + 12*x + 107. Determine v(-6).
35
Let f(u) = -5*u**2 + 14*u + 29. What is f(7)?
-118
Let a(k) = k**2 + 14419*k + 158487. What is a(-11)?
-1
Let k(l) = l**3 + 8*l**2 + 48*l + 453. What is k(-11)?
-438
Let h(m) = 45*m - 177. Determine h(8).
183
Let z(p) = p**2 - 28*p - 2402. Calculate z(-37).
3
Let s(i) = -3*i**2 + 54*i - 53. What is s(17)?
-2
Let c(k) = -68*k + 133. Calculate c(3).
-71
Let m(z) = 17021*z + 17034. What is m(-1)?
13
Let v(x) = -10*x + 472. Give v(104).
-568
Let b(r) = -65*r + 2803. Calculate b(45).
-122
Let x(c) = 4*c**2 - 561*c - 30392. What is x(182)?
2
Let b(r) = 2*r**3 + 202*r**2 - 197*r + 712. Give b(-102).
-2
Let m(t) = -8*t**2 - 1253*t - 779. Determine m(-156).
1
Let p(r) = -2*r**3 - 77*r**2 + 36*r + 9. Give p(-39).
126
Let b(v) = -v**2 + 76*v + 6647. What is b(128)?
-9
Let n(w) = 38*w + 95. Give n(-5).
-95
Let d(t) = t + 124. What is d(-134)?
-10
Let c(a) = 2*a**3 - 77*a**2 + 37*a + 73. What is c(38)?
35
Let t(j) = -418*j**3 - 8*j**2 - 6*j. Give t(-1).
416
Let p(s) = 18339*s + 220078. Calculate p(-12).
10
Let c(i) = -2*i**2 - 68*i - 317. Give c(-29).
-27
Let z(d) = 12*d**2 + 243*d + 134. What is z(-20)?
74
Let k(q) = -17*q**2 - 29*q - 102. Give k(-4).
-258
Let k(h) = -h**3 + 34*h**2 - 140*h - 151. Determine k(29).
-6
Let v(d) = 25*d + 1398. Give v(-54).
48
Let l(i) = -2*i**3 - 11*i**2 - 23*i - 178. Give l(-6).
-4
Let i(t) = -t**3 + 29*t**2 - 81*t + 779. Calculate i(27).
50
Let k(g) = 87*g + 51. What is k(0)?
51
Let v(a) = 2*a**3 - 11*a**2 + 25*a - 37. What is v(3)?
-7
Let o(c) = 3*c**3 - 25*c - 5. What is o(-4)?
-97
Let c(d) = -d**3 + 11*d**2 + 55*d - 521. Calculate c(12).
-5
Let n(k) = -k**3 + 10*k**2 + 102*k - 977. Give n(12).
-41
Let q(g) = g**3 - 376*g**2 - 305*g - 27153. Determine q(377).
-9
Let a(v) = -25*v + 107. Give a(10).
-143
Let c(j) = -4*j**2 + 72*j - 318. Determine c(10).
2
Let c(d) = -d + 256. Determine c(0).
256
Let b(v) = -8*v**2 - 13*v + 15. Determine b(-2).
9
Let i(b) = -77*b + 123. What is i(2)?
-31
Let k(s) = -s**2 + 77*s - 622. Calculate k(68).
-10
Let b(f) = -64820*f + 388927. What is b(6)?
7
Let f(u) = -u**3 + 18*u**2 + 5*u - 13. Calculate f(17).
361
Let w(u) = u**3 - 5*u**2 + 4*u + 25. What is w(5)?
45
Let f(l) = 1435*l - 12912. Determine f(9).
3
Let m(t) = -2*t**2 + 4625*t + 37133. Determine m(-8).
5
Let d(t) = 3*t**3 + t**2 + 2*t - 13. Determine d(-3).
-91
Let v(s) = -145*s**3 - 432*s**2 + s + 4. Give v(-3).
28
Let z(w) = -w**3 - 188*w**2 + 775*w + 1363. Give z(-192).
19
Let v(q) = q**2 + 12*q + 85. Determine v(-19).
218
Let a(s) = -s**3 - 8*s**2 + 32*s + 13. What is a(-11)?
24
Let s(a) = a**3 + 15*a**2 - 13*a + 53. Give s(-13).
560
Let w(z) = 111*z + 7109. Determine w(-64).
5
Let r(t) = -3*t**2 - 145*t - 1314. Calculate r(-12).
-6
Let j(f) = 390*f + 26949. Give j(-69).
39
Let a(z) = 2*z**2 - 19*z - 445. Calculate a(-11).
6
Let t(k) = -5*k**2 - 6*k + 261. Determine t(-8).
-11
Let t(a) = -a**3 + 21*a**2 + 20*a - 15. What is t(22)?
-59
Let w(x) = 2*x**2 - 117*x + 50. Give w(61).
355
Let f(x) = -4*x**3 + 277*x**2 - 70*x + 75. What is f(69)?
6
Let f(d) = -359*d + 50950. Determine f(142).
-28
Let d(l) = -8*l**3 - 170*l**2 - 48*l - 28. What is d(-21)?
98
Let j(q) = -107*q**3 + 428*q**2 + q + 2. Determine j(4).
6
Let z(t) = 3*t**2 - 187*t - 1456. Determine z(-7).
0
Let b(m) = -351*m + 1112. What is b(3)?
59
Let i(x) = 25*x + 3551. What is i(-142)?
1
Let k(r) = 2*r**2 + 76*r + 16. What is k(-38)?
16
Let f(s) = -s**3 - 56*s**2 - 587*s + 48. Give f(-42).
6
Let l(y) = 22*y**2 + 228*y - 31. Calculate l(-11).
123
Let t(i) = -i**2 - 27*i + 166. Give t(-22).
276
Let g(i) = 29*i + 959. Calculate g(-33).
2
Let j(g) = g**2 + 15*g - 14. Determine j(-8).
-70
Let l(z) = 45*z + 1128. Give l(-25).
3
Let z(s) = -78*s - 5757.